{"id":328,"date":"2020-09-09T17:55:08","date_gmt":"2020-09-09T17:55:08","guid":{"rendered":"https:\/\/demosites.io\/shop-gb\/?page_id=265"},"modified":"2026-01-26T09:27:58","modified_gmt":"2026-01-26T12:27:58","slug":"52e3e-home","status":"publish","type":"page","link":"https:\/\/semfronteirasbar.com.br\/","title":{"rendered":"Home"},"content":{"rendered":"\n\n\n\n\n<div style=\"height:100px\" aria-hidden=\"true\" class=\"wp-block-spacer\"><\/div>\n\n\n\n<h1 class=\"wp-block-heading has-text-align-center\"><strong>CERVEJA BONITA &amp; GENTE GELADA<\/strong><\/h1>\n\n\n\n<div class=\"wp-block-columns is-layout-flex wp-container-core-columns-is-layout-9d6595d7 wp-block-columns-is-layout-flex\">\n<div class=\"wp-block-column is-layout-flow wp-block-column-is-layout-flow\"><div class=\"wp-block-image\">\n<figure class=\"aligncenter size-large\"><img loading=\"lazy\" decoding=\"async\" width=\"1024\" height=\"717\" src=\"https:\/\/semfronteirasbar.com.br\/wp-content\/uploads\/2023\/07\/10_20230710_012557_0009-min-1024x717.png\" alt=\"\" class=\"wp-image-1091\" srcset=\"https:\/\/semfronteirasbar.com.br\/wp-content\/uploads\/2023\/07\/10_20230710_012557_0009-min-1024x717.png 1024w, https:\/\/semfronteirasbar.com.br\/wp-content\/uploads\/2023\/07\/10_20230710_012557_0009-min-300x210.png 300w, https:\/\/semfronteirasbar.com.br\/wp-content\/uploads\/2023\/07\/10_20230710_012557_0009-min-768x538.png 768w, https:\/\/semfronteirasbar.com.br\/wp-content\/uploads\/2023\/07\/10_20230710_012557_0009-min-1536x1075.png 1536w, https:\/\/semfronteirasbar.com.br\/wp-content\/uploads\/2023\/07\/10_20230710_012557_0009-min.png 2000w\" sizes=\"auto, (max-width: 1024px) 100vw, 1024px\" \/><\/figure><\/div>\n\n\n<h3 class=\"wp-block-heading has-text-align-center\"><strong>CERVEJA<\/strong><\/h3>\n\n\n\n<p class=\"has-text-align-center\">A gente respira l\u00fapulo e malte. Cerveja n\u00e3o \u00e9 s\u00f3 bebida, \u00e9 uma desculpa bonita pra ficar vivo mais um gole. Tem pra todos os gostos, dos amargos que te acordam \u00e0 meia-noite aos suaves que te embalam na mesa do bar. E tem a nossa \u2014 a <a href=\"http:\/\/www.cervejariamacumba.com.br\">Macumba <\/a>\u2014 feita pra invocar bons esp\u00edritos e maus conselhos.<\/p>\n\n\n\n<p class=\"has-text-align-center\"><\/p>\n\n\n<div class=\"wp-block-image\">\n<figure class=\"aligncenter size-large is-resized\"><img loading=\"lazy\" decoding=\"async\" width=\"1024\" height=\"717\" src=\"https:\/\/semfronteirasbar.com.br\/wp-content\/uploads\/2023\/07\/4_20230710_012556_0003-min-1024x717.png\" alt=\"\" class=\"wp-image-1085\" style=\"width:543px;height:auto\" srcset=\"https:\/\/semfronteirasbar.com.br\/wp-content\/uploads\/2023\/07\/4_20230710_012556_0003-min-1024x717.png 1024w, https:\/\/semfronteirasbar.com.br\/wp-content\/uploads\/2023\/07\/4_20230710_012556_0003-min-300x210.png 300w, https:\/\/semfronteirasbar.com.br\/wp-content\/uploads\/2023\/07\/4_20230710_012556_0003-min-768x538.png 768w, https:\/\/semfronteirasbar.com.br\/wp-content\/uploads\/2023\/07\/4_20230710_012556_0003-min-1536x1075.png 1536w, https:\/\/semfronteirasbar.com.br\/wp-content\/uploads\/2023\/07\/4_20230710_012556_0003-min.png 2000w\" sizes=\"auto, (max-width: 1024px) 100vw, 1024px\" \/><\/figure><\/div>\n\n\n<h3 class=\"wp-block-heading has-text-align-center\"><strong>COQUETELARIA CL\u00c1SSICA E AUTORAL<\/strong><\/h3>\n\n\n\n<p class=\"has-text-align-center\">Bebida \u00e9 conversa l\u00edquida. Aqui tem os cl\u00e1ssicos que atravessaram s\u00e9culos e os inventos que nasceram no balc\u00e3o, no susto, no erro que deu certo. Cada copo \u00e9 uma viagem \u2014 e tem lugares que voc\u00ea s\u00f3 vai encontrar aqui.<\/p>\n\n\n\n<p class=\"has-text-align-center\"><\/p>\n\n\n<div class=\"wp-block-image\">\n<figure class=\"aligncenter size-full is-resized\"><img loading=\"lazy\" decoding=\"async\" width=\"540\" height=\"405\" src=\"https:\/\/semfronteirasbar.com.br\/wp-content\/uploads\/2026\/01\/KARAOKE-NAS-ENCRUZAS.png\" alt=\"\" class=\"wp-image-3267\" style=\"aspect-ratio:1.4281729428172942;width:531px;height:auto\" srcset=\"https:\/\/semfronteirasbar.com.br\/wp-content\/uploads\/2026\/01\/KARAOKE-NAS-ENCRUZAS.png 540w, https:\/\/semfronteirasbar.com.br\/wp-content\/uploads\/2026\/01\/KARAOKE-NAS-ENCRUZAS-300x225.png 300w\" sizes=\"auto, (max-width: 540px) 100vw, 540px\" \/><\/figure><\/div>\n\n\n<h3 class=\"wp-block-heading has-text-align-center\"><strong><a href=\"https:\/\/semfronteirasbar.com.br\/?page_id=536\" data-type=\"page\" data-id=\"536\">KARAOK\u00ca NAS ENCRUZAS<\/a><\/strong><\/h3>\n\n\n\n<p class=\"has-text-align-center\">Nada de ringtones.<br>Nada daquela batida eletr\u00f4nica cansada.<br>Aqui o microfone \u00e9 aberto e a banda toca ao vivo.<br>Voc\u00ea canta do jeito que quiser. E do jeito que souber.<\/p>\n\n\n\n<p class=\"has-text-align-center\"><\/p>\n<\/div>\n\n\n\n<div class=\"wp-block-column is-layout-flow wp-block-column-is-layout-flow\"><div class=\"wp-block-image\">\n<figure class=\"aligncenter size-large\"><img loading=\"lazy\" decoding=\"async\" width=\"1024\" height=\"717\" src=\"https:\/\/semfronteirasbar.com.br\/wp-content\/uploads\/2023\/07\/7_20230710_012557_0006-min-1024x717.png\" alt=\"\" class=\"wp-image-1082\" srcset=\"https:\/\/semfronteirasbar.com.br\/wp-content\/uploads\/2023\/07\/7_20230710_012557_0006-min-1024x717.png 1024w, https:\/\/semfronteirasbar.com.br\/wp-content\/uploads\/2023\/07\/7_20230710_012557_0006-min-300x210.png 300w, https:\/\/semfronteirasbar.com.br\/wp-content\/uploads\/2023\/07\/7_20230710_012557_0006-min-768x538.png 768w, https:\/\/semfronteirasbar.com.br\/wp-content\/uploads\/2023\/07\/7_20230710_012557_0006-min-1536x1075.png 1536w, https:\/\/semfronteirasbar.com.br\/wp-content\/uploads\/2023\/07\/7_20230710_012557_0006-min.png 2000w\" sizes=\"auto, (max-width: 1024px) 100vw, 1024px\" \/><\/figure><\/div>\n\n\n<h3 class=\"wp-block-heading has-text-align-center\"><strong><a href=\"https:\/\/semfronteirasbar.com.br\/?page_id=406\" data-type=\"page\" data-id=\"406\">COMIDA DE BUTECO<\/a><\/strong><\/h3>\n\n\n\n<p class=\"has-text-align-center\">Comida feita pra acompanhar hist\u00f3rias mal contadas e risadas altas. Simples, mas nunca banal. Hamb\u00fargueres, por\u00e7\u00f5es, fritura honesta e tempero que n\u00e3o pede desculpa. E se precisar, a gente serve at\u00e9 poesia em peda\u00e7os crocantes.<\/p>\n\n\n\n<p class=\"has-text-align-center\"><\/p>\n\n\n<div class=\"wp-block-image\">\n<figure class=\"aligncenter size-large is-resized\"><img loading=\"lazy\" decoding=\"async\" width=\"1024\" height=\"717\" src=\"https:\/\/semfronteirasbar.com.br\/wp-content\/uploads\/2023\/07\/16_20230710_012558_0015-min-1024x717.png\" alt=\"\" class=\"wp-image-1093\" style=\"width:548px;height:auto\" srcset=\"https:\/\/semfronteirasbar.com.br\/wp-content\/uploads\/2023\/07\/16_20230710_012558_0015-min-1024x717.png 1024w, https:\/\/semfronteirasbar.com.br\/wp-content\/uploads\/2023\/07\/16_20230710_012558_0015-min-300x210.png 300w, https:\/\/semfronteirasbar.com.br\/wp-content\/uploads\/2023\/07\/16_20230710_012558_0015-min-768x538.png 768w, https:\/\/semfronteirasbar.com.br\/wp-content\/uploads\/2023\/07\/16_20230710_012558_0015-min-1536x1075.png 1536w, https:\/\/semfronteirasbar.com.br\/wp-content\/uploads\/2023\/07\/16_20230710_012558_0015-min.png 2000w\" sizes=\"auto, (max-width: 1024px) 100vw, 1024px\" \/><\/figure><\/div>\n\n\n<h3 class=\"wp-block-heading has-text-align-center\"><strong>ROCK \u2018N\u2019 ROLL<\/strong><\/h3>\n\n\n\n<p class=\"has-text-align-center\">N\u00e3o \u00e9 s\u00f3 m\u00fasica. \u00c9 pulsa\u00e7\u00e3o, v\u00edcio e cicatriz. O rock molda o jeito de andar, de falar, de olhar pro mundo com desprezo e amor ao mesmo tempo. Como j\u00e1 prometeram uns ingleses malucos: We will rock you. E aqui, todo santo dia, o som sacode as paredes e quem estiver encostado nelas.<\/p>\n\n\n\n<p class=\"has-text-align-center\"><\/p>\n\n\n<div class=\"wp-block-image\">\n<figure class=\"aligncenter size-full is-resized\"><img loading=\"lazy\" decoding=\"async\" width=\"540\" height=\"405\" src=\"https:\/\/semfronteirasbar.com.br\/wp-content\/uploads\/2026\/01\/AGORA-1.png\" alt=\"\" class=\"wp-image-3268\" style=\"width:492px;height:auto\" srcset=\"https:\/\/semfronteirasbar.com.br\/wp-content\/uploads\/2026\/01\/AGORA-1.png 540w, https:\/\/semfronteirasbar.com.br\/wp-content\/uploads\/2026\/01\/AGORA-1-300x225.png 300w\" sizes=\"auto, (max-width: 540px) 100vw, 540px\" \/><\/figure><\/div>\n\n\n<h3 class=\"wp-block-heading has-text-align-center\"><strong><a href=\"https:\/\/semfronteirasbar.com.br\/?page_id=532\" data-type=\"page\" data-id=\"532\">\u00c1GORA<\/a><\/strong><\/h3>\n\n\n\n<p class=\"has-text-align-center\">Um domingo por m\u00eas a rua volta a ser palco.<br>Como nunca deveria ter deixado de ser.<br>Chega de shopping. Chega de lugar fechado.<br>\u00c9 encontro.<br>M\u00fasica, artesanato, cultura e conviv\u00eancia democr\u00e1tica no meio da rua.<\/p>\n\n\n\n<p class=\"has-text-align-center\"><\/p>\n<\/div>\n\n\n\n<div class=\"wp-block-column is-layout-flow wp-block-column-is-layout-flow\"><div class=\"wp-block-image\">\n<figure class=\"aligncenter size-large is-resized\"><img loading=\"lazy\" decoding=\"async\" width=\"1024\" height=\"717\" src=\"https:\/\/semfronteirasbar.com.br\/wp-content\/uploads\/2023\/07\/8_20230710_012557_0007-min-1024x717.png\" alt=\"\" class=\"wp-image-1081\" style=\"aspect-ratio:1.4281729428172942;width:576px;height:auto\" srcset=\"https:\/\/semfronteirasbar.com.br\/wp-content\/uploads\/2023\/07\/8_20230710_012557_0007-min-1024x717.png 1024w, https:\/\/semfronteirasbar.com.br\/wp-content\/uploads\/2023\/07\/8_20230710_012557_0007-min-300x210.png 300w, https:\/\/semfronteirasbar.com.br\/wp-content\/uploads\/2023\/07\/8_20230710_012557_0007-min-768x538.png 768w, https:\/\/semfronteirasbar.com.br\/wp-content\/uploads\/2023\/07\/8_20230710_012557_0007-min-1536x1075.png 1536w, https:\/\/semfronteirasbar.com.br\/wp-content\/uploads\/2023\/07\/8_20230710_012557_0007-min.png 2000w\" sizes=\"auto, (max-width: 1024px) 100vw, 1024px\" \/><\/figure><\/div>\n\n\n<h3 class=\"wp-block-heading has-text-align-center\"><strong><a href=\"https:\/\/semfronteirasbar.com.br\/?page_id=406\" data-type=\"page\" data-id=\"406\">COMIDA VEGAN<\/a><\/strong><\/h3>\n\n\n\n<p class=\"has-text-align-center\">Vegano n\u00e3o \u00e9 castigo, \u00e9 outro caminho pro mesmo prazer. Sem prote\u00edna animal, mas com pegada, cor e sabor. Pra quem j\u00e1 nasceu de verde e pra quem ainda acha que n\u00e3o gosta \u2014 a gente aposta que voc\u00ea vai sair jurando amor eterno.<\/p>\n\n\n\n<p class=\"has-text-align-center\"><\/p>\n\n\n<div class=\"wp-block-image\">\n<figure class=\"aligncenter size-full is-resized\"><img loading=\"lazy\" decoding=\"async\" width=\"540\" height=\"405\" src=\"https:\/\/semfronteirasbar.com.br\/wp-content\/uploads\/2026\/01\/2026-Rock-NAS-ENCRUZAS.png\" alt=\"\" class=\"wp-image-3266\" style=\"width:489px;height:auto\" srcset=\"https:\/\/semfronteirasbar.com.br\/wp-content\/uploads\/2026\/01\/2026-Rock-NAS-ENCRUZAS.png 540w, https:\/\/semfronteirasbar.com.br\/wp-content\/uploads\/2026\/01\/2026-Rock-NAS-ENCRUZAS-300x225.png 300w\" sizes=\"auto, (max-width: 540px) 100vw, 540px\" \/><\/figure><\/div>\n\n\n<h3 class=\"wp-block-heading has-text-align-center\"><strong><a href=\"http:\/\/macumbox.app.br\">macumbox<\/a><\/strong><\/h3>\n\n\n\n<p class=\"has-text-align-center\">Macumbox \u00e9 um webapp onde voc\u00ea assume o controle da noite. Escolhe a trilha sonora, faz sua reserva, entra na fila do karaok\u00ea e conversa com o nosso sommelier virtual. Um jeito novo de se encontrar com as nossas cervejas.<\/p>\n\n\n\n<p class=\"has-text-align-center\"><\/p>\n\n\n\n<p class=\"has-text-align-center\"><\/p>\n\n\n<div class=\"wp-block-image\">\n<figure class=\"aligncenter size-large\"><img loading=\"lazy\" decoding=\"async\" width=\"1024\" height=\"717\" src=\"https:\/\/semfronteirasbar.com.br\/wp-content\/uploads\/2023\/07\/15_20230710_012558_0014-min-1024x717.png\" alt=\"\" class=\"wp-image-1086\" srcset=\"https:\/\/semfronteirasbar.com.br\/wp-content\/uploads\/2023\/07\/15_20230710_012558_0014-min-1024x717.png 1024w, https:\/\/semfronteirasbar.com.br\/wp-content\/uploads\/2023\/07\/15_20230710_012558_0014-min-300x210.png 300w, https:\/\/semfronteirasbar.com.br\/wp-content\/uploads\/2023\/07\/15_20230710_012558_0014-min-768x538.png 768w, https:\/\/semfronteirasbar.com.br\/wp-content\/uploads\/2023\/07\/15_20230710_012558_0014-min-1536x1075.png 1536w, https:\/\/semfronteirasbar.com.br\/wp-content\/uploads\/2023\/07\/15_20230710_012558_0014-min.png 2000w\" sizes=\"auto, (max-width: 1024px) 100vw, 1024px\" \/><\/figure><\/div>\n\n\n<h3 class=\"wp-block-heading has-text-align-center\"><strong>CONVIV\u00caNCIA<\/strong><\/h3>\n\n\n\n<p class=\"has-text-align-center\">Mais que um bar, somos um territ\u00f3rio livre. Encruzilhada onde estranhos viram c\u00famplices. Lugar de encontros, de gargalhadas, de sil\u00eancios que dizem muito. Aqui, o tempo n\u00e3o \u00e9 inimigo. \u00c9 parceiro de mesa.<\/p>\n<\/div>\n<\/div>\n\n\n\n<h3 class=\"wp-block-heading has-text-align-center\"><\/h3>\n\n\n\n<p><\/p>\n","protected":false},"excerpt":{"rendered":"<p>CERVEJA BONITA &amp; GENTE GELADA CERVEJA A gente respira l\u00fapulo e malte. Cerveja n\u00e3o \u00e9 s\u00f3 bebida, \u00e9 uma desculpa bonita pra ficar vivo mais um gole. Tem pra todos os gostos, dos amargos que te acordam \u00e0 meia-noite aos suaves que te embalam na mesa do bar. E tem a nossa \u2014 a Macumba&hellip;&nbsp;<a href=\"https:\/\/semfronteirasbar.com.br\/\" rel=\"bookmark\">Continue a ler &raquo;<span class=\"screen-reader-text\">Home<\/span><\/a><\/p>\n","protected":false},"author":1,"featured_media":0,"parent":0,"menu_order":0,"comment_status":"closed","ping_status":"closed","template":"","meta":{"neve_meta_sidebar":"full-width","neve_meta_container":"full-width","neve_meta_enable_content_width":"on","neve_meta_content_width":100,"neve_meta_title_alignment":"","neve_meta_author_avatar":"","neve_post_elements_order":"","neve_meta_disable_header":"","neve_meta_disable_footer":"","neve_meta_disable_title":"on","_mbp_gutenberg_autopost":false,"footnotes":""},"class_list":["post-328","page","type-page","status-publish","hentry"],"_links":{"self":[{"href":"https:\/\/semfronteirasbar.com.br\/index.php?rest_route=\/wp\/v2\/pages\/328","targetHints":{"allow":["GET"]}}],"collection":[{"href":"https:\/\/semfronteirasbar.com.br\/index.php?rest_route=\/wp\/v2\/pages"}],"about":[{"href":"https:\/\/semfronteirasbar.com.br\/index.php?rest_route=\/wp\/v2\/types\/page"}],"author":[{"embeddable":true,"href":"https:\/\/semfronteirasbar.com.br\/index.php?rest_route=\/wp\/v2\/users\/1"}],"replies":[{"embeddable":true,"href":"https:\/\/semfronteirasbar.com.br\/index.php?rest_route=%2Fwp%2Fv2%2Fcomments&post=328"}],"version-history":[{"count":49,"href":"https:\/\/semfronteirasbar.com.br\/index.php?rest_route=\/wp\/v2\/pages\/328\/revisions"}],"predecessor-version":[{"id":3271,"href":"https:\/\/semfronteirasbar.com.br\/index.php?rest_route=\/wp\/v2\/pages\/328\/revisions\/3271"}],"wp:attachment":[{"href":"https:\/\/semfronteirasbar.com.br\/index.php?rest_route=%2Fwp%2Fv2%2Fmedia&parent=328"}],"curies":[{"name":"wp","href":"https:\/\/api.w.org\/{rel}","templated":true}]}}